86 + -396. What is the units digit of (i/5 - -5)/(2/(-14))?
9
Suppose -38536 = 38*a - 46*a. What is the thousands digit of a?
4
Suppose 2*u - 8 = 6*u, 4*u = -2*q - 4. Suppose -q*f + 11 = k + f, 5*f - 19 = -k. What is the tens digit of (-7)/((-49)/(-812))*1*k?
1
Let n = 37317 + -25780. What is the units digit of n?
7
Let m(h) = -h**2 + 23*h + 83. Let o be m(26). Suppose -s + 3 + 0 = 0, 1668 = o*j + s. What is the units digit of j?
3
Let r = 7179 - 3801. What is the hundreds digit of r?
3
Suppose -5*u - 14 = -r, 5*u + 3 + 7 = 0. Suppose -3034 = -r*o + 2*f, -3*o + 3833 - 1556 = -f. What is the tens digit of o?
6
Let j = -163 + 164. What is the tens digit of -2 - 0 - (j - 226)?
2
Let c(y) = -y - 1. Let a(b) = 13*b + 26. Let p(t) = a(t) + 5*c(t). Let f be p(-3). What is the tens digit of ((-24)/9 - -3)*(318 - f)?
0
Let d(i) = -4*i + 31. Let c be d(8). Let l = c + 3. Suppose 4*w + l*z = 6*z + 44, -2*z = w + 1. What is the units digit of w?
7
Let b(t) = 931*t + 241. What is the tens digit of b(2)?
0
Let q be (-3)/24*-4*-74*-5. Suppose -449 = 2*g - q. What is the units digit of (-4 + g/5)/((-1)/5)?
2
Let q = 26761 + 3453. What is the tens digit of q?
1
Let c = 10902 - 706. What is the tens digit of c?
9
Suppose 6*x + 9674 = -15094. Let o be ((-6)/(-4))/(16/x). What is the hundreds digit of (4 + -5 + 3)/((-6)/o)?
1
Let i(f) = 3939*f + 51. What is the ten thousands digit of i(6)?
2
Suppose a + 3*q + 2093 = -q, -4*a - 8267 = -5*q. Let v be (-2)/(-9) - (3 + a/27). Let f = v + -43. What is the tens digit of f?
3
Let x(w) = w**3 - 8*w**2 + 3*w + 16. Suppose 0 = 2*n + 2*m - 12, -4*n + 38 - 7 = -3*m. Let u be x(n). What is the units digit of (-966)/(-8) + (-3)/u?
1
Let r(k) = -k**3 + 86*k**2 - 18*k + 99. What is the ten thousands digit of r(82)?
2
Let a be -52*(-36)/(-12)*1/3. Let y(h) = -h + 126. Let i be y(0). Let z = a + i. What is the tens digit of z?
7
Suppose -n - 1076*g = -1078*g - 7780, -g = -3*n + 23310. What is the tens digit of n?
6
Let f(t) = 1025*t**2 - 101*t - 612. What is the ten thousands digit of f(-6)?
3
Let m(b) = -b**2 - 16*b - 29. Let g be m(-14). What is the hundreds digit of (6 - (-1740)/(-18))/(g/6)?
5
Let w(l) = 165*l**2 + l - 42. What is the tens digit of w(5)?
8
Suppose 0 = 87*q - 82*q + 90. Let g(d) = -d**3 - 14*d**2 + 4*d - 26. What is the units digit of g(q)?
8
Let y = -3495 - -6926. Let h = -2418 + y. What is the tens digit of h?
1
Suppose -288*p + 140*p + 141*p + 32102 = 0. What is the hundreds digit of p?
5
Suppose 1999*d = 2020*d - 77406. What is the hundreds digit of d?
6
Let b = -100115 - -143434. What is the ten thousands digit of b?
4
Let z(y) = 3*y + 18. Let r be z(-6). Let f be 3 + (2 - (r + 3))*3. Let u(i) = i**2 + 3*i + 293. What is the hundreds digit of u(f)?
2
Suppose 123*u - 76*u = 292011. What is the hundreds digit of u?
2
Let h(f) = 9*f - 60 + 10 - 5*f - f**2 + 15*f. What is the tens digit of h(10)?
4
Suppose -5923664 - 15674553 = -279*j + 2104228. What is the thousands digit of j?
4
Suppose 4*d - 2*k - 6168 = 0, k - 3604 + 11308 = 5*d. Suppose 0 = -2*r - 4, -2*j - j = 2*r + d. Let f = j - -744. What is the hundreds digit of f?
2
Let y = -253 - -512. Let p be -23*((-1)/1 + 8). Let t = p + y. What is the tens digit of t?
9
Suppose -6*r = -4*r - 1344. Suppose 675*h - 668*h - r = 0. What is the units digit of h?
6
What is the tens digit of 7665 - (8 - (-11 - 0))?
4
Let u(t) = 4*t + 18. Let l = -15 - -18. Suppose l*b = -0*b - 4*a + 4, 2*b - 1 = -a. What is the tens digit of u(b)?
1
Let g(s) = 4*s**3 + 62 - 3*s**3 - 11*s - s + s - 22*s**2. What is the units digit of g(23)?
8
Let u(y) = 2*y**2 + y + 119. Let j be u(0). Suppose 4*a - 15*a - 759 = 0. Let d = a + j. What is the tens digit of d?
5
What is the hundreds digit of (38/16 - 2) + 11321548/1504?
5
Let p = 501 + -266. Suppose 8*f - p - 853 = 0. What is the units digit of f?
6
Let t be -2 - (-1 + 1 - 0). What is the units digit of (t - -3)*(8 - 5) - -466?
9
What is the units digit of 861/(4/(-296)*-2)?
7
Let x be -1*2 - 9/((-45)/(-1670)). Let d = x + 1116. What is the tens digit of d?
8
Suppose 3*b + 5*h = -66, h + h = 6. Let z(f) = -16*f. Let v be z(-4). Let c = v + b. What is the units digit of c?
7
Let r = 13622 + 849. What is the units digit of r?
1
Suppose 21 = -7*l + 14*l. Suppose 0 = 5*n + 4*s - 1505, 7*n - l*s - 930 = 4*n. What is the tens digit of n?
0
Let r(b) = 41*b**2 - 119*b + 5. What is the hundreds digit of r(13)?
3
Suppose -l - a = -5*a + 7, 0 = -l - a + 3. Let y = l - -2. Suppose -2*m = 2*b - 98, -3*b + y*m = -0*m - 159. What is the tens digit of b?
5
Suppose 8*g - 10*g = -2*m + 130314, 0 = -3*m + 4*g + 195471. What is the thousands digit of m?
5
Let l(w) = -w**2 - 13*w + 27. Let m = 175 + -189. What is the units digit of l(m)?
3
Let h(a) = -17*a - 8. Let v be h(3). Let d = v - -59. Suppose 3 = k, -489 = -d*x - 4*x + k. What is the units digit of x?
3
Let n = 29 - -172. Let y = 234 - n. What is the units digit of y?
3
Let k(z) = -34*z + 2. Let n be k(-2). Let f = n - 41. Let y = f + 140. What is the hundreds digit of y?
1
What is the tens digit of (-4586)/((-5)/(-3)*(-4)/10)?
7
Let s(b) = 29*b + 79*b + 19 - 28*b. Let u be s(4). Suppose -4*g = 5*a - 358, -u + 55 = -3*g + 4*a. What is the tens digit of g?
9
Suppose 0 = 21*j - 2860 - 6527. What is the units digit of j?
7
Suppose -167*b + 173*b - 5670 = 0. What is the units digit of (b/(-10) + -2)*(-7 + 3)?
6
Let w = 104 - 101. Suppose w*u - 56 = -29. Suppose -u*j = -8*j - 139. What is the tens digit of j?
3
Let t = 11785 - 4399. What is the units digit of t?
6
Suppose 3*h + 18*h = 105. Suppose -5*f - 3*v + 141 = -103, h*f + 5*v - 250 = 0. What is the tens digit of f?
4
Suppose -11*i + 8*i - 3 = 0. What is the tens digit of -1 + i/(-5) + 24378/85?
8
Suppose -12*u = -3380 - 193288. What is the hundreds digit of u?
3
Let q = -126 + 133. Suppose q = 3*l - 5. Suppose -l*w = -4*f - 552, -7*f = -9*f - 8. What is the tens digit of w?
3
Suppose v - 3*d = 14, 3*v + d + 1 = 3. Suppose 5*r - x = 1, x - 4 = -2*r + v. Suppose 2*n - 179 = -5*p, r = -p + 4. What is the units digit of n?
2
Let l = 13162 + 2439. What is the hundreds digit of l?
6
Let j(b) = 2*b**3 - b**2 - 7. Let a be j(4). Suppose 3*z - a = 42. Let s = 22 + z. What is the tens digit of s?
7
Let w be (-2)/8 + 418/(-88). Let x be 1 + 1 + w + 20. Suppose 61 = 4*b + x. What is the units digit of b?
1
Let d(h) = -h**3 + 17*h**2 + 14*h - 4. Let u(g) = -g**3 + 15*g**2 + 17*g - 23. Let y be u(16). What is the units digit of d(y)?
4
Suppose -2*n - 3*d = -1, 3*d + 0*d = 5*n - 55. Let p(u) = -u**3 + 8*u**2 - u - 35. Let g be p(7). Suppose -2 = -n*a + g*a. What is the units digit of a?
2
Suppose -5*a + 64 = g, 8*g - 3*g = -a + 8. Suppose -10*l = a*l - 10649. What is the units digit of l?
3
Suppose 0 = 52*j - 47*j - 3900. Let f be ((-32)/24)/(2 + (-1562)/j). What is the units digit of f/(-12)*(-3)/2?
5
Suppose -8142 = -p + 6*z - 0*z, 5*p - 40682 = 2*z. What is the tens digit of p?
3
Let i be 3*(2 - 3140/(-15)). Suppose 0 = 632*t - i*t + 1130. What is the units digit of t?
5
Let u(l) = l**3 - 29*l**2 - 50*l - 4. Let a be u(30). Let f = a - -401. What is the tens digit of f*(-3)/6*2?
0
Suppose 0 = 3*y + 1 - 16. Let o = 562 + -552. Suppose -o*n + y*n = -285. What is the units digit of n?
7
Let p be 2/15 - (-2853861)/1305. Let v = -296 + p. What is the tens digit of v?
9
What is the ten thousands digit of 31015 + (-180)/(-9) - -19?
3
Let t be 1838/(-20) + 2/(-20). Let s = t - -382. What is the hundreds digit of s?
2
Let j(f) = 336*f**2 + 224*f + 2340. What is the hundreds digit of j(-10)?
7
Suppose 0 = -7*s + 5*s + 640. Let u be 4/(-6) + s/3. Let v = u + -14. What is the units digit of v?
2
What is the thousands digit of ((-21)/(-10) - 2) + 591829/(-420)*-42?
9
Suppose 2 = -2*y + 6. Suppose -5*l - 3*x + 1462 + 95 = 0, 0 = -3*l + 2*x + 938. Suppose y*v = -11*v + l. What is the tens digit of v?
2
Let j be 9 + 0/(-8 + 4 + 2). Suppose -19*a = -j*a - 7570. What is the units digit of a?
7
Suppose d - 23462 = -4*t, -2*t = 2*d - 68006 + 21106. What is the tens digit of d?
4
Let f(y) = 118 + 48*y - 111 + 60. What is the hundreds digit of f(16)?
8
Let y = -34362 - -83162. What is the tens digit of y?
0
Let k(m) = -m - 14. Let t be k(-17). Suppose -2*i + t*i = 4*l + 698, -i